me factors of 6/(-4) - w/(-8).
13
Let o(w) = -w**3 - 17*w**2 - 18*w - 36. Let q be o(-16). What are the prime factors of q/3*(2727/(-18) + -12)?
2, 109
Let y(l) = -3105*l - 1627. What are the prime factors of y(-8)?
139, 167
Let p(q) = -20*q - 131. Let t be p(-7). Suppose -1524 = -4*y + 2*w, -5*y - 1538 = -t*y - 5*w. List the prime factors of y.
2, 191
Let g(z) be the second derivative of z**4/12 + 3*z**3/2 - 27*z**2/2 + z. Suppose 100 = -5*x - 4*n, 2*n + 0*n = -4*x - 74. What are the prime factors of g(x)?
5, 17
Suppose 0 = -35*f + 39*f - 3360. Suppose -7*s = -3486 + f. What are the prime factors of s?
2, 3, 7
Let y be (-22)/(4/6*3/4). List the prime factors of (-22)/y - 561/(-6).
2, 47
Suppose 5*d - 50328 = 4*c, 2*d - 3161 = -4*c + 16987. List the prime factors of (0 - (-16)/12)/(8/d).
2, 839
Let o = 580 - 362. Suppose 3*c - 169 = -2*l + o, -4*c - 2*l + 518 = 0. Suppose -2*g + c = -g. List the prime factors of g.
131
Let n = -15 - 49. Let j = -10 - n. Let h = 208 - j. List the prime factors of h.
2, 7, 11
Suppose -20 = -i - 4*i. Suppose i*r + 920 = -4*p - r, -r - 229 = p. Let h = 344 + p. List the prime factors of h.
7, 17
List the prime factors of (-3)/(-9)*-9*3639*10/(-45).
2, 1213
Let g be 5 + (471 - 5) - -1. Suppose -w = -3*w + g. List the prime factors of w.
2, 59
Let l = 5842 - 2107. Suppose 0 = -5*f - 3*p + l, -11*p = 5*f - 15*p - 3700. What are the prime factors of f?
2, 3, 31
Let k(u) = -3059*u + 257. What are the prime factors of k(-2)?
3, 5, 17
Suppose 429*r = 7508386 + 2460716. What are the prime factors of r?
2, 3, 1291
Suppose 0 = -3*k - 4 - 5, 3*l + 249 = k. Let i be ((-15186)/l + (-4)/14)*-2. Let y = i - -558. List the prime factors of y.
197
Let r(s) = 760*s - 69. What are the prime factors of r(26)?
7, 29, 97
Let b(w) = -8*w + 17. Let l be b(11). Let j = 55 + l. List the prime factors of ((-156)/j)/13 + 181/4.
2, 23
Let y be (-64576)/(-88) - 8/(-44). Let p = y - 102. List the prime factors of p.
2, 79
Suppose 10 = -2*c - 3*h + 21, -4*h = -c. Let l(n) = 66*n**2 + 2*n + 11. What are the prime factors of l(c)?
5, 43
Let w be 6 - 5*(-4 - -3). Suppose 4*j - 8 = 0, -2*i + 448 = 2*j - 4*j. Suppose -w*d = -533 - i. What are the prime factors of d?
3, 23
Let l be 3/(-6) - (3/(-2) + 0). List the prime factors of (l + -101)/((-4)/6) + -2.
2, 37
Let a(y) = 7*y**3 - 7*y**2 + 11*y - 17. Let c be ((-75)/60)/((-2)/8). List the prime factors of a(c).
2, 3, 41
Let m be (21 + -19)*9/2. Let n(x) = 5 - m*x + 11*x - 8*x + 1. List the prime factors of n(-5).
2, 3
Let h be 2 + (-3)/(-2) + 1/2. Suppose 843 = h*p + 5*x, 170 = p - 3*x - 62. List the prime factors of p.
7, 31
Let p(s) = 91*s + 80*s - 2 - 66*s. List the prime factors of p(3).
313
Let u = -81 + 82. Let d(x) = 2*x**3 + 2*x**2 - 4*x + 2. Let j be d(u). Suppose -j = -w + 59. List the prime factors of w.
61
Suppose -39*v + 64309 = -36*v + 4*c, 3*c + 85762 = 4*v. List the prime factors of v.
11, 1949
Suppose 5*y - 9*y - 12 = 0. Let q be ((-1)/y)/(-1 - (-57)/54). Suppose -q*d + 220 = 5*t - d, 0 = 3*t + 4*d - 128. What are the prime factors of t?
2, 3
Let j(q) = -281*q - 8. Let m be j(5). Let s be ((-4)/(-6))/((-3)/m). Suppose 4 = d, -5*n - 3*d = -2*d - s. List the prime factors of n.
2, 31
Suppose 4*s - 1 = 15. Suppose -2*n = -s*q - 396, 0*n - 5*q - 590 = -3*n. Let g = n - 100. List the prime factors of g.
2, 3, 5
Let n be ((-645)/(-60) + -10)*-4. Suppose -3*g + 9 = -105. List the prime factors of (0/n - g)/((-4)/10).
5, 19
Let y(q) = -q**3 - 2*q - q - 2*q**3 - 2*q**2 - 2 + 0*q**3. Let w be y(-1). Suppose 0 = -m - 2*r + 157, -2*m + w*r + 439 = m. List the prime factors of m.
149
Let o be 3 - (11 - (-20)/(-5)). Let b(f) = -4*f**3 + 3*f**2 - 10*f - 1. List the prime factors of b(o).
7
Suppose -x + 5 = 0, -2*c = 5*x + 20 + 5. Let t = c - -76. What are the prime factors of t?
3, 17
Let q(c) = -95*c + 405. List the prime factors of q(-68).
5, 1373
Let x = -237 + 244. Suppose 48 = -5*b + g - 18, 4*b + 44 = 3*g. What are the prime factors of (-4)/b - (-376)/x?
2, 3
Let o(k) = 2*k**3 + 9*k**2 - 5*k + 1. Let q be o(-6). Let w = 69 + q. What are the prime factors of (2 - w/12)*6?
2
Suppose 4*p + 3*l - 224 = 0, 2*l - 114 = -p - p. Suppose 57*z + 4 = p*z. List the prime factors of z/(404/3798 - (-1)/(-9)).
211
Suppose -u = -a - 33476, 0 = -20*u + 15*u + 4*a + 167378. What are the prime factors of u?
2, 3, 7, 797
Let h = 766 - 740. Suppose 3892 = 4*g - 5*k, -k + 4836 = -21*g + h*g. What are the prime factors of g?
2, 11
Let f(d) = 0*d + 70 - 78 - 4*d. Let p be f(-6). Suppose -p*h = -17*h + 28. List the prime factors of h.
2, 7
Let n(f) = 11*f**2 - 49*f + 302. What are the prime factors of n(31)?
2, 3, 1559
Let s = 101673 + -69418. What are the prime factors of s?
5, 6451
Let n = 207 - 365. Let b = 335 - n. List the prime factors of b.
17, 29
Let u = -215 + 220. Suppose -u*j + 8*f = 7*f - 712, 2*j = 3*f + 277. What are the prime factors of j?
11, 13
Let z(a) = -3*a**2 - 11*a + 6. Let l be z(-4). Suppose 4*t + m - 1199 - 1173 = 0, -l*m - 1790 = -3*t. What are the prime factors of t?
2, 3, 11
Let u(w) = w**3 + w**2 - 2*w + 2. Let l be u(2). Suppose -l*z + 63 = -9*z. Suppose 3*k - 120 = z. List the prime factors of k.
61
Suppose 29529 = 10*r - r. Suppose -14*n - r = -11597. List the prime factors of n.
2, 3, 11
Suppose 9*a + 2*a = 4*a + 50561. List the prime factors of a.
31, 233
Let u be (-14161)/68 - 3/4. Let q = u + 230. What are the prime factors of q?
3, 7
Let r(h) = -3*h**3 + 41*h**2 - 32*h. Let v be r(14). Let d = v + 1282. List the prime factors of d.
2, 11, 29
Let o = 4661 + -4659. List the prime factors of o.
2
Suppose 0 = -5*o + 3*p + 2*p, 0 = 5*o + 3*p. Suppose -g + 9 - 6 = o. Suppose 3*f - 415 = -8*c + g*c, 3*c = f + 249. What are the prime factors of c?
83
Let a(w) = 2331*w**2 + 97*w + 307. What are the prime factors of a(-4)?
3, 5, 827
Let k(a) = 14*a**2 + 33*a + 3. Let y be k(-8). Let d = y + -75. What are the prime factors of d?
2, 5, 7
Suppose 0*x - 4*x + 16 = 0. Suppose -j - 49 = 2*j + 4*r, x*j + 5*r = -65. List the prime factors of (1002/4)/(j/(-10)).
167
Let i = 38387 + -21204. List the prime factors of i.
17183
Let o(j) = 6*j - 57. Let m be o(7). Suppose -4*p - 175 + 59 = 0. Let k = m - p. List the prime factors of k.
2, 7
Suppose 26*j - 22*j = 100. Suppose 5*f - j = 3*s, 5*s + 5*f + 54 = f. What are the prime factors of (-3)/(15/(-982)) + s/25?
2, 7
What are the prime factors of (30/8)/(-3)*9969820/(-497)?
5, 17, 59
Suppose 0 = 5*d - 2 - 803. List the prime factors of d.
7, 23
Let f be 6*(1/(-4) - 33/(-44)). Suppose 2*t = f*g + 114, 4*t + g - 201 - 41 = 0. List the prime factors of t.
2, 3, 5
Suppose 3*c = -12, 74 = 3*r - 0*c - 5*c. Suppose -710 = r*j - 3446. List the prime factors of j.
2, 19
Let v be -10*5*1/25. List the prime factors of (826 - v)/4*(-22)/(-33).
2, 3, 23
Suppose 0 = -2*g - 3*g - 1560. Let s = -69 - g. What are the prime factors of s?
3
Suppose 3*g - m - 22087 = 15676, 3*g + 4*m = 37753. List the prime factors of g.
41, 307
Suppose -8*z = -3*z - 5*s - 3575, -720 = -z - 4*s. Suppose 2*y + 4509 = 5*i, 5*i - 5228 + z = y. What are the prime factors of i?
3, 7, 43
Let l = -2297 - -25398. What are the prime factors of l?
13, 1777
Suppose 43*p - 45*p = -24. Suppose 0 = 4*c - 2*d + p, -5*c + 0*d + d - 12 = 0. Let v = c + 36. List the prime factors of v.
2, 17
Let h = 71 - 102. What are the prime factors of h/186 + 6302/12?
3, 5, 7
Suppose -18 = 2*q - 20. Let h be -1 + 1 + q*3. Suppose -86 - 52 = -h*t. What are the prime factors of t?
2, 23
What are the prime factors of 21/9 + -3 - 8/(456/(-1876649))?
11, 41, 73
Suppose u + 4 = t, -4*t + 3*t = -4*u + 2. Suppose -3*r = -20 - 34. List the prime factors of (t/r)/((-6 - -3)/(-846)).
2, 47
Suppose 8*p = p + 3038. Suppose -p = -3*n - 2*n + 2*g, -424 = -5*n - 3*g. What are the prime factors of n?
2, 43
List the prime factors of (108/90)/((-15)/(-12475)).
2, 499
Suppose -594*m = -591*m - 429. Let w be (4*13)/((-4)/8). Let p = m - w. List the prime factors of p.
13, 19
Let z be ((-10680)/(-25))/(4/10). Suppose -s = -2*t + z, 3*t = -4*s + 2*s + 1588. What are the prime factors of t?
2, 7, 19
Let j = 34 - 26. Let z be 14 - (-7)/((-14)/j). Suppose -72 - z = -l + 5*g, -2*g - 341 = -5*l. What are the prime factors of l?
67
Suppose 3*c 